ond derivative of 7*a**4/6 - 2*a**3/3 + 4*a**2 - 10*a. What is the units digit of j(3)?
2
Suppose -5*y - 5 = -3*z - 248, -y - 3*z + 45 = 0. Suppose 30 = o + w - y, -1 = w. What is the units digit of o?
9
Suppose -2*x = -13 - 19. Suppose -16*l + 20*l = x. What is the tens digit of 6/l*(-234)/(-9)?
3
Let m(d) = -9*d. Let n be m(-5). What is the hundreds digit of 10/n - (2883/(-27) - 2)?
1
Suppose -3*t - 3*g + 43 = 2*t, 2*t + 4*g = 20. What is the units digit of (-4)/t*(-138)/3?
3
Let i = -762 - -1032. What is the tens digit of i?
7
Suppose 1 = -2*n - 1. What is the units digit of n/(2*(-2)/28)?
7
Suppose 5*b + 5*x = b - 104, -8 = 2*x. Let o = b - -34. What is the tens digit of o?
1
Let x(d) = 254*d - 19. What is the tens digit of x(3)?
4
Let l be -1137 + (-3 - -2) + -2. Let v be (-6)/(-5)*l/(-8). Suppose 5*g = -41 + v. What is the units digit of g?
6
Let i = 24 + -15. Suppose -2*b + 3*s = -38, -s - 2*s - 6 = 0. Let z = b + i. What is the tens digit of z?
2
Let a = -1 - -7. Let o = 66 - a. Let c = o - 19. What is the units digit of c?
1
Let n = 186 + -114. Let p = n + -43. What is the tens digit of p?
2
Let c be 1/(1/(-2)) + 6. Suppose 6*i - c*i = 80. What is the units digit of i?
0
Let x(h) = -h**2 + 4*h + 9 + 14*h + 9 - 5. What is the units digit of x(16)?
5
Let t(k) = -19*k + 115. What is the units digit of t(-11)?
4
Suppose 303*t - 306*t + 6782 = -f, -6 = 3*f. What is the hundreds digit of t?
2
Let h(z) = -4*z + 2. Suppose 5*b + 2*m - 1 = 0, 0*b + 3*b = -2*m - 1. Suppose -3*c = 2*n + b, c + 4*c + 3*n = -3. What is the tens digit of h(c)?
1
Let j = -23 - -77. Suppose 16 = -g - 5*t + j, 3*g - 70 = -4*t. What is the units digit of 30/4*84/g?
5
Let m(q) = q**3 + q**2 - 2*q - 122. Let g be m(0). What is the hundreds digit of (27 - g)/(1 - 0)?
1
Suppose -4*k = 5*t - 493, 0*k + 4*k - 463 = t. Suppose -4*l = -7*l + k. What is the units digit of l?
9
Let t(o) be the third derivative of o**5/30 - 3*o**4/4 + 11*o**3/3 + 8*o**2. What is the units digit of t(11)?
6
Let i(w) = w**3 - 7*w**2 - w + 9. Let q be i(7). Suppose 7*o = q*o. Suppose o*x + 5*x = 5. What is the units digit of x?
1
Let q(i) = 14*i**2 - 2*i - 9. What is the units digit of q(-3)?
3
Let i = 932 - 476. Suppose 0 = 7*v - 3*v - i. What is the units digit of v?
4
Let j be 4*1/4 + 30. Suppose 3*u - j - 137 = 0. Suppose 0 = -2*r - 4*o + 40, 7*o - 3*o - u = -3*r. What is the tens digit of r?
1
Suppose o - k - 103 = 0, -4*k + 134 = 5*o - 390. Suppose 0*t - o = -4*t. Let c = t + -3. What is the units digit of c?
3
Let v = 418 + 83. What is the units digit of v?
1
Suppose r + 5*j = -146, -j - 3*j - 648 = 4*r. Let i = -92 - r. What is the units digit of i?
4
What is the tens digit of 225 - 20/40*2/1?
2
What is the units digit of ((-18)/15)/(4/(-8450))?
5
Let o(l) = -l**2 - 12*l + 7. Suppose -5*y + 53 = -4*w, -25 = 5*w + y + y. Let c be o(w). Suppose i - c = 5*r, 3*i - 22 = 2*i + r. What is the units digit of i?
7
Let a be (-3)/18*-3*0. Suppose 0 = 2*f - a*t + 2*t - 2, 3*f - 3*t + 3 = 0. What is the tens digit of (-3)/(f - (-3)/(-13))?
1
Suppose -11*l + 4452 = -8671. What is the hundreds digit of l?
1
Let t(d) = 119*d**2 - 4*d - 57. What is the hundreds digit of t(5)?
8
Let q = 14 - 14. Suppose -3*c + 0*c - 3 = q. What is the tens digit of (0 - -26) + c + 0?
2
Let w be 7/(1 + 3/(-6)). What is the units digit of (12/w)/(4/14)?
3
Suppose 9*t + 0*t + 135 = 0. What is the tens digit of (-88)/(t/(-6) - 3)?
7
Let b = -349 + 485. What is the hundreds digit of b?
1
Suppose 34*h = -25*h + 44722. What is the hundreds digit of h?
7
Let k(v) = -36*v**3 - 3*v**2 - 5*v + 1. Let l(d) = 18*d**3 + 2*d**2 + 3*d. Let i(m) = 3*k(m) + 5*l(m). What is the units digit of i(-2)?
1
Let j(y) = 49*y**2 + 2*y + 2. Let k be j(-2). Let q = k + -104. What is the tens digit of q?
9
What is the tens digit of 4240/56*(-504)/(-12)?
8
Suppose -3*u + 0*t + t = 32, -u + 16 = 5*t. Let x(m) be the first derivative of m**3/3 + 5*m**2/2 - 11*m + 41. What is the tens digit of x(u)?
2
Let t(c) = 7*c - 23. Let m be t(11). Suppose -3*y = y - 32. Suppose 5*d = y*d - m. What is the units digit of d?
8
Suppose 3*l - 4425 = -4*a, -2*a + 4*a - 3*l = 2217. Suppose 0*u + a = 9*u. What is the hundreds digit of u?
1
Suppose -2*o + 2*a = 0, -2*a = 4*o - 4*a - 10. Suppose 0*b - b - o*i = -10, 3*b = 2*i + 81. What is the units digit of b?
5
Let d be (101/4)/(3/(-12)). Let f be (-5 + 2)*(0 - -19). Let o = f - d. What is the tens digit of o?
4
Let q(y) = -3*y + 1. Let l be q(4). Let u = 4 - l. What is the tens digit of 493/u - 16/(-120)?
3
What is the units digit of (-2)/5 + 1 + 2057/5?
2
Let m be 3/(48/196) + 3/(-12). What is the units digit of (-1)/2*m/(-9)*18?
2
Suppose 0*l + r - 209 = -4*l, r + 148 = 3*l. Let m = 68 - l. What is the units digit of m?
7
Let d(c) = c**2 + 8*c + 3. Let v be d(-9). Let y = v - 7. Let w(f) = f**3 - 5*f**2 + 3*f - 6. What is the units digit of w(y)?
9
Let v = 2085 - 1470. What is the tens digit of v?
1
Suppose 4*v = w - 201, 2*w + 0*v - 4*v = 410. What is the hundreds digit of w?
2
Let t = 250 + 860. What is the units digit of t?
0
Let t(m) = 2*m + 18. Let v be t(-9). Suppose 4*f - 69 - 7 = v. Suppose w - 67 = -f. What is the tens digit of w?
4
Let h = -8 - -10. Suppose -2*t + t = -2*c, 3*c - 2*t = 0. Suppose 4*g = -0*y - h*y + 40, c = y - g - 29. What is the units digit of y?
6
What is the units digit of ((-24)/18)/((-6)/531)?
8
Let k(t) = 11*t**2 + 10*t + 13. What is the tens digit of k(7)?
2
Let j be 14/63 - 20/9. What is the units digit of 245/10 + j/4?
4
Let t(i) = 2*i**2 + 3*i + 16. Let k(v) = 2*v**2 + 4*v + 17. Let a(u) = -3*k(u) + 4*t(u). What is the tens digit of a(-5)?
6
Suppose c - 4*g - 13 = 0, -10*c + 2*g - 25 = -5*c. Let q(j) = -2*j**3 - 10*j**2 - 8*j - 14. What is the tens digit of q(c)?
3
What is the hundreds digit of 1840/(25/5) + -1?
3
Suppose h + 2*a = 2*h + 25, -99 = 5*h + 3*a. Let l = h + 58. What is the tens digit of l?
3
Suppose 5*x = 2*x + 72. Suppose 0 = 2*g - 80 + x. Suppose 4*h - 4 = g. What is the units digit of h?
8
Let h(t) = -3*t - 4. Let o be h(-5). Let i be (o - 12/4)/2. Let n = i + 2. What is the units digit of n?
6
Suppose 47*t - 27453 = 110492. What is the tens digit of t?
3
Suppose 6*c + 6 = 9*c. Suppose -3*v + c = -i - 0, i = -4*v - 23. What is the units digit of 2 + (-4 - i) + -1?
8
Let l = 16 - 11. Let f = l + -3. Suppose -b + f*b = 10. What is the units digit of b?
0
Let i be 0/(-2 + 0) - 73. Let c be i + -3*(-1)/3. What is the tens digit of c/28*(-28)/6?
1
Let u(s) = 2*s**3 - 23*s**2 - 77*s + 8. What is the units digit of u(17)?
8
Suppose -20*u - 10*u + 15510 = 0. What is the hundreds digit of u?
5
Let w(x) = -x**2 + 10*x + 9. Let l be w(11). Let f be (1 - (2 - 3))/l. Let g = 34 - f. What is the tens digit of g?
3
Let c(n) = -9*n**3 + 11*n**2 + 9*n + 3. What is the hundreds digit of c(-5)?
3
Suppose 0 = 15*h + 52 - 487. Let x = h + 90. What is the units digit of x?
9
Suppose 105 = -15*w + 18*w + l, l + 3 = 0. What is the units digit of w?
6
Suppose -2*c = -3*v - 16, 0*c + c + 4*v = 8. Suppose -c*x + 847 = 71. What is the tens digit of x?
9
Let w(t) = -t + 23. Let a be w(-5). Suppose a = -5*d + 503. What is the tens digit of d?
9
Let o(l) = 4*l - 16*l + 20 + 9*l + l**2 + 111. What is the units digit of o(0)?
1
Let x be ((3 + -11)/4)/(-2). Let o be x - -3 - 0/(-5). Suppose o*w = 2*w + 8. What is the units digit of w?
4
Suppose 0 = -15*c + 25638 - 5973. What is the hundreds digit of c?
3
Let v(u) = -2*u**2 - 27*u - 3. What is the units digit of v(-12)?
3
Let t be (-657)/36*(-40)/2. Let a = t - 221. What is the tens digit of a?
4
Suppose 4*g + 6 = -26. What is the units digit of (-194 - g)*(-2)/6?
2
Let f = 13 + -15. Let g be (-1944)/(-44) - f/(-11). What is the units digit of g/(-5)*(-45)/18?
2
Let a be 2/(2/241 - 0). Let d = a - 167. What is the units digit of d?
4
Suppose 17*q + 2524 = 11551. What is the tens digit of q?
3
Suppose 0 = -2*w + 4*j + 36, -2*w - w + 4 = 4*j. What is the units digit of w?
8
Let p(s) = 2*s + 3. Let i be p(-9). What is the units digit of i/2*162/(-45)?
7
What is the tens digit of ((-6068)/205)/(-2 + 1284/645)?
8
Let m(c) be the second derivative of -1/20*c**5 + 7/2*c**2 - 4*c + 0 - 5/12*c**4 - 1/6*c**3. What is the tens digit of m(-5)?
1
Let j = 173 - 69.